t h be g(-1). Is 1360/2 - 8/72*h a composite number?
True
Suppose -7*i + 29 = 281. Is 1/(-9) - 40000/i composite?
True
Let k(g) = g**2 - 7*g - 4. Let n be k(8). Suppose -209 - 203 = -n*w. Is w composite?
False
Suppose -3*s + 91973 = 5*v, -5*s + 11146 + 25628 = 2*v. Is v prime?
True
Let r be -4 + 9/((-18)/272). Suppose 2*w - 2*d = -d + 560, -5*w + 1426 = 4*d. Let h = w + r. Is h prime?
False
Suppose 0 = 10*w + 2463 + 6907. Let x = -438 - w. Is x prime?
True
Let t(y) = -3*y - 38. Let k be t(-3). Is k/(-58) - (-18026)/4 a composite number?
False
Suppose 0*w = -4*w. Suppose w*s + 2*s = 3070. Suppose 9*d - s = 4*d. Is d a composite number?
False
Let o(r) = -636*r**3 + 3*r**2 + 12*r + 3. Is o(-2) composite?
True
Let b(t) = 502*t**2 - 9*t - 9. Is b(-2) a prime number?
True
Let g = -4040 - -6942. Is g composite?
True
Is 2102/(-4)*(72 - 94) composite?
True
Let m be 14694/21 + -2 - 6/(-21). Suppose -m = -5*f + 197. Is f a composite number?
False
Suppose -2*n + 10690 = -v + 5*v, 5330 = 2*v - 4*n. Let y = v - 1470. Let u = y - 830. Is u a prime number?
False
Let i(w) be the first derivative of -1 - 10*w + 55/2*w**2. Is i(9) composite?
True
Let t(b) = 1269*b**2 - 28*b + 4. Is t(-3) a prime number?
False
Let g(b) = b**2 - 6. Suppose u = -m + 2, 0 = 3*m + 2*m - u + 20. Let y be g(m). Suppose y*r - 30 = -d - 3*d, -d = -3. Is r composite?
True
Let x(s) = 5*s**3 + 5*s**2 - 5*s + 25. Is x(6) prime?
False
Let b be 12/(-6) - (-8 + 1). Suppose 1790 = b*z + 335. Is z a prime number?
False
Let l be 1/2 - 9/(-2). Suppose -2*y = -2*c + 8, 2*c - 5*y + 4 - 15 = 0. Is (-4864)/(-10) + c/l a prime number?
True
Let q = 2822 - 1413. Let u = -244 + q. Is u/5*(1 + 0) a prime number?
True
Let c(v) = v**3 + 5*v**2 - 12*v + 8. Let g be c(-7). Is (1 - 0) + g + 138 a composite number?
True
Suppose -z + 5679 = 2*a, -4*a + 11338 = 2*z - 5*a. Is z a prime number?
False
Suppose 560 = 4*j - 2452. Is j a prime number?
False
Let k be 3*4/(5 - 1). Suppose 2*o = h - k*o - 20, 5*h - 28 = o. Suppose 471 - 1716 = -h*y. Is y a prime number?
False
Suppose -44*x = -15*x - 2982563. Is x a composite number?
True
Let b be 582/10 - (-12)/(-60). Let r = -129 - -189. Let w = r + b. Is w a composite number?
True
Suppose 0 = 4*p - 0*p - 2*f - 80082, 0 = -2*p - 2*f + 40044. Is p composite?
False
Let d(l) = 3*l - 47. Let j be d(16). Is (-417 - -10)/((-3 - -2)/j) prime?
False
Let q = -780 - -1517. Is q a prime number?
False
Is (-771)/4*(-348)/9 prime?
False
Suppose -4*y = -5*y + 4. Suppose y*k + 3*r = 639, 2*r - 4*r - 793 = -5*k. Suppose 5*n - k = 4*g, 5*n + 0*n + 4*g = 151. Is n composite?
False
Suppose -53747 = -c + 3*r, -9*c = -7*c - 3*r - 107506. Is c a composite number?
False
Suppose -3*s + 3*a + 1482 + 7791 = 0, 12346 = 4*s + 5*a. Is s composite?
False
Let r = -747 - -2284. Is r composite?
True
Let d(p) = 893*p**2 - 76*p - 20. Is d(-9) composite?
False
Let s(l) = -4*l**2 + 2*l + 5. Let i be s(-5). Is i/(-2) - (-20)/40 composite?
False
Let c = 81726 + -48221. Is c a prime number?
False
Let m = -89 + 16. Suppose 11*c - 6*c + 3*i + 23 = 0, 2*c + 9 = -i. Let o = c - m. Is o a prime number?
False
Let k be (-21)/(-12) - 1/(-4). Suppose -1 + 7 = q + 4*a, -4*q = -k*a + 12. Let y(u) = 72*u**2 + 1. Is y(q) a prime number?
False
Let p(z) = 144*z**3 + 13*z**2 - 3. Let q(k) = 72*k**3 + 6*k**2 - 1. Let x(m) = -4*p(m) + 9*q(m). Is x(2) composite?
False
Let r(q) = 5*q - 2*q**2 + 8 + 5*q**2 + 5. Is r(12) prime?
False
Let j(b) = -b**3 - 11*b**2 - 10*b + 15. Let l(g) = 5*g**3 + 56*g**2 + 50*g - 76. Let k(i) = -11*j(i) - 2*l(i). Is k(9) composite?
True
Let z(x) = 5 + 3*x**2 - 2*x**2 - 7*x - 2*x**2 + 9*x. Let s be z(4). Let n(a) = -47*a + 2. Is n(s) prime?
False
Suppose 0*w - 2*w + 4*j - 16 = 0, 3*w - 16 = -4*j. Suppose w = 5*p - 362 - 293. Is p prime?
True
Let a(o) = 22*o**2 + 3*o. Let v be a(5). Suppose -11*u = -10*u - v. Is u composite?
True
Is (-2)/(-14) + 236340/105 a composite number?
False
Suppose -6 = 5*t + 9. Let m(i) = i**3 - 7*i**2 - 3*i + 1. Let u(q) = q**3 - 7*q**2 - 2*q + 1. Let a(b) = t*u(b) + 4*m(b). Is a(9) composite?
False
Let i(v) = -v**3 + v**2 + 2*v + 709. Let z be (-16)/24 - (-2)/3. Is i(z) prime?
True
Suppose -22*v + 31318 = -8*v. Is v prime?
True
Let t(h) = -2*h + 39. Let c be t(20). Is (-1014)/(-3) - (c - 2) a composite number?
True
Suppose -n + 5951 + 3790 = 0. Suppose -5*y = 3*g - 2*g - n, -4*y + 3*g = -7808. Is y a prime number?
True
Suppose 1 = -3*j - 2. Is j*7/((-28)/16) composite?
True
Suppose 0*g + 12 = 3*g. Let w(p) = -10*p**2 + 4*p - 2. Let u be w(g). Let z = 465 + u. Is z prime?
False
Let c(s) = -s**2 - 13*s - 3. Let k be c(-12). Suppose -2*f + 22 = 3*x + 8, 0 = x + 5*f - k. Suppose -484 - 320 = -x*g. Is g prime?
False
Is 1*(8 + -10)*9458/(-4) composite?
False
Let b be 35601/9 - 2/3. Suppose -b = 2*c - 11621. Is c a composite number?
False
Let c = -155 + 443. Let j = c - 139. Is j a composite number?
False
Let m(j) = 0 - 22*j + 6 - 4. Let k be m(-1). Is 1/(-8) + 843/k composite?
True
Let w(z) = 1011*z - 455. Is w(4) a prime number?
False
Let n = -654 + 1123. Is n composite?
True
Let m(u) = -52*u**2 + 6*u - 14. Let y be m(5). Let i = y - -2971. Is i a prime number?
False
Is -1*1146/4*18/(-27) prime?
True
Let v(c) = 116*c - 387. Is v(19) composite?
True
Suppose -5*s + 2*s + 24 = 0. Let i = 30 + -26. Suppose -i*a - 4*p + 80 = 0, 3*a - s*a - 4*p = -102. Is a a prime number?
False
Let d = 21894 - 11185. Is d a prime number?
True
Is ((-66606)/(-136))/(1/4) prime?
False
Let w(k) = 2*k - 25*k + 1 + 71*k + 62*k. Is w(1) a prime number?
False
Let i be (35/21)/(10/12). Let x(d) = 3 + d + 6*d**2 - 6*d**2 + d + 10*d**i. Is x(-7) prime?
True
Suppose 5*k - 1723 = 3*r + 5500, 4*k - 5772 = -4*r. Let f = 2727 - k. Is f prime?
True
Suppose -4*f + 956 + 3592 = 0. Suppose -l - f = -4*l. Is l a prime number?
True
Let q = 1 + 1. Let x be (1 - 0)/(q/(-898)). Let n = x + 978. Is n a prime number?
False
Suppose 104 = 2*f + 6. Let z(y) = -f*y + 1 + 2 + 3 - 3. Is z(-4) a prime number?
True
Let h(o) = -1053*o - 220. Is h(-7) composite?
False
Let i(k) = -70*k**2 + 5*k - 7. Let t be i(3). Suppose -357 = 3*m + 48. Let n = m - t. Is n a composite number?
False
Let m = -136592 - -193111. Is m a composite number?
False
Let l = 34243 + -22902. Is l composite?
True
Suppose i = 6*i - 100. Let m = i + -16. Is (-134)/(-4 + m/2) a prime number?
True
Suppose 2*x - 8770 = 14*i - 18*i, x - 5*i - 4392 = 0. Is x a prime number?
False
Suppose 0 = 3*a + 4*v - 60, -2*a + 3*v = -0*v - 40. Suppose -a*l - 1407 = -23*l. Is l a prime number?
False
Let x(z) = -z - 1. Let q(r) be the third derivative of r**6/120 + 3*r**5/20 - r**4/8 - r**3/2 - 2*r**2. Let p(t) = -q(t) - 4*x(t). Is p(-10) a composite number?
False
Let b = 4466 - 1395. Let n = b + -2192. Suppose -7*s + n = -4*s. Is s a prime number?
True
Let v be (-3)/(60/(-50)) - 1/2. Let h = 6 - 3. Suppose -v*t + 79 = -p, -h*t - 4*p + 116 = -5*p. Is t composite?
False
Is (2150 - 7) + 5 - (2 - 7) prime?
True
Is (296/24)/(1/228) - 3 prime?
False
Let j(r) = 24*r + 607. Is j(43) prime?
False
Let a = 1403 - -650. Is a a composite number?
False
Let m(z) = 178*z**2 - 28*z - 15. Is m(-7) composite?
True
Let n = -1972 - -3335. Is n a composite number?
True
Suppose -t = -g - 4*t + 4509, 5*g - 22473 = 3*t. Is g prime?
False
Suppose -3*a - 8 = -f, 5*a - 21 = -5*f + a. Suppose -3115 = -f*c + 2*m, 3*m = -2*c + c + 623. Is c a prime number?
False
Let a be 9/(-36) + 6603/(-4). Let p = a + 3052. Is p a prime number?
False
Suppose 7*d = v + 3*d - 2757, 3*v + 5*d = 8356. Is v a composite number?
False
Suppose -5*g = 20, 0 = 4*m + 5*g - 2*g - 24. Let t = -4 + 7. Is 90 - (-3)/(m/t) a prime number?
False
Let c(l) = 198*l + 13. Let w be c(3). Suppose 156 - w = -3*q - 4*x, 0 = 2*q + 3*x - 301. Is q prime?
True
Let u(i) = -i**3 - 6*i**2 + 9*i + 8. Let q be (-56)/12*6/4. Let y be u(q). Is 3/y + 1052/8 composite?
False
Let t = 2528 - -849. Let g = 5420 - t. Suppose l + 2*l = g. Is l a prime number?
False
Suppose -15*l = -55*l + 38680. Is l composite?
False
Suppose 0 = 17*c - 21386 - 109803. Is c a composite number?
False
Let d(z) = -z**2 + 6*z + 3554. Is d(0) a composite number?
True
Let s be 20/(-6) - (-7)/((-21)/2). Is (187/s - 1)/(8/(-224)) a prime number?
False
Let n(z) = -8*z**3 - 10*z**2 + 4*z + 1. Is n(-6) p